{"id":266,"date":"2020-06-08T12:15:40","date_gmt":"2020-06-08T15:15:40","guid":{"rendered":"https:\/\/foroparaeldiadespues.net.ar\/?page_id=266"},"modified":"2020-09-02T11:52:28","modified_gmt":"2020-09-02T14:52:28","slug":"punto-de-encuentro-teletrabajo-pdet","status":"publish","type":"page","link":"https:\/\/foroparaeldiadespues.net.ar\/?page_id=266","title":{"rendered":"Punto de Encuentro TELETRABAJO"},"content":{"rendered":"\n<h3 class=\"has-text-align-center has-vivid-green-cyan-color has-text-color wp-block-heading\"><strong>Punto de Encuentro sobre Teletrabajo<\/strong><\/h3>\n\n\n\n<div class=\"wp-block-image\"><figure class=\"aligncenter size-large is-resized\"><img loading=\"lazy\" decoding=\"async\" src=\"https:\/\/foroparaeldiadespues.net.ar\/wp-content\/uploads\/2020\/05\/Logo-Punto-de-Encuentro-Small.jpg\" alt=\"\" class=\"wp-image-217\" width=\"384\" height=\"229\" srcset=\"https:\/\/foroparaeldiadespues.net.ar\/wp-content\/uploads\/2020\/05\/Logo-Punto-de-Encuentro-Small.jpg 709w, https:\/\/foroparaeldiadespues.net.ar\/wp-content\/uploads\/2020\/05\/Logo-Punto-de-Encuentro-Small-300x180.jpg 300w\" sizes=\"auto, (max-width: 384px) 100vw, 384px\" \/><\/figure><\/div>\n\n\n\n<p><strong>El nivel de complejidad y la profundidad de los cambios de las pr\u00e1cticas laborales que implica la incorporaci\u00f3n del teletrabajo obliga a un abordaje del tema que contemple los m\u00faltiples aspectos que se ponen en juego y que resignifican los conceptos y las estrategias en la concepci\u00f3n y la acci\u00f3n en defensa de los derechos de los trabajadores.<\/strong><\/p>\n\n\n\n<p><strong>El Punto de Encuentro sobre Teletrabajo es el espacio donde:<\/strong><\/p>\n\n\n\n<ol class=\"wp-block-list\" type=\"1\"><li><strong>Fortalecemos la acci\u00f3n del Instituto de Teletrabajo creado hace 20 a\u00f1os por la Asociaci\u00f3n Civil Infoworkers Trabajadores de la Informaci\u00f3n.<\/strong><\/li><li><strong>Trabajamos para producir un documento consensuado en el que se establezcan puntos b\u00e1sicos que deben contemplarse en defensa de los derechos de los trabajadores en cualquier acci\u00f3n vinculada con el tema. Desde una ley hasta una negociaci\u00f3n de f\u00e1brica.<\/strong><\/li><\/ol>\n\n\n\n<hr class=\"wp-block-separator\"\/>\n\n\n\n<hr class=\"wp-block-separator\"\/>\n\n\n\n<h2 class=\"has-text-align-center wp-block-heading\"><a href=\"https:\/\/foroparaeldiadespues.net.ar\/?page_id=566\">Declaraci\u00f3n<\/a><\/h2>\n\n\n\n<h2 class=\"has-text-align-center wp-block-heading\"><a href=\"https:\/\/foroparaeldiadespues.net.ar\/?page_id=566\">DERECHOS DE LAS TELETRABAJADORAS Y LOS TELETETRABAJADORES<\/a><\/h2>\n\n\n\n<hr class=\"wp-block-separator\"\/>\n\n\n\n<hr class=\"wp-block-separator\"\/>\n\n\n\n<h2 class=\"has-text-align-center wp-block-heading\"><a href=\"https:\/\/foroparaeldiadespues.net.ar\/?page_id=686\" target=\"_blank\" rel=\"noreferrer noopener\">LEY DE TELETRABAJO<\/a><\/h2>\n\n\n\n<h4 class=\"has-text-align-center wp-block-heading\"><a href=\"https:\/\/foroparaeldiadespues.net.ar\/?page_id=686\" target=\"_blank\" rel=\"noreferrer noopener\">Video de la reuni\u00f3n del 3\/07\/2020<\/a><\/h4>\n\n\n\n<p class=\"has-text-align-center\">VANESA SILEY Diputada nacional &#8211; Presidenta de la Comisi\u00f3n de<br>Legislaci\u00f3n del Trabajo C\u00e1mara de Diputados de la Naci\u00f3n<\/p>\n\n\n\n<p class=\"has-text-align-center\">DANIEL AN\u00cdBAL LOVERA Senador nacional &#8211; Presidente de la<br>Comisi\u00f3n de Trabajo y Previsi\u00f3n Social del Senado de la Naci\u00f3n<\/p>\n\n\n\n<p class=\"has-text-align-center\">SOLEDAD ALONSO Diputada provincial &#8211; Presidenta de la Comisi\u00f3n de<br>Trabajo C\u00e1mara de Diputados de la Provincia de Buenos Aires<\/p>\n\n\n\n<p class=\"has-text-align-center\">OMAR PLAINI Dirigente sindical y senador provincial &#8211; Presidente de la Comisi\u00f3n de Trabajo y Legislaci\u00f3n Social C\u00e1mara de Senadores Provincia de Buenos Aires<\/p>\n\n\n\n<hr class=\"wp-block-separator\"\/>\n\n\n\n<h2 class=\"has-text-align-center wp-block-heading\"><a href=\"https:\/\/foroparaeldiadespues.net.ar\/?page_id=277\" target=\"_blank\" rel=\"noreferrer noopener\">VIDEOS Y DOCUMENTOS<\/a><\/h2>\n\n\n\n<p><\/p>\n","protected":false},"excerpt":{"rendered":"<p>Punto de Encuentro sobre Teletrabajo El nivel de complejidad y la profundidad de los cambios de las pr\u00e1cticas laborales que implica la incorporaci\u00f3n del teletrabajo obliga a un abordaje del tema que contemple los m\u00faltiples aspectos que se ponen en juego y que resignifican los conceptos y las estrategias en la concepci\u00f3n y la acci\u00f3n [&hellip;]<\/p>\n","protected":false},"author":1,"featured_media":0,"parent":0,"menu_order":0,"comment_status":"closed","ping_status":"closed","template":"","meta":{"footnotes":""},"class_list":["post-266","page","type-page","status-publish","hentry"],"_links":{"self":[{"href":"https:\/\/foroparaeldiadespues.net.ar\/index.php?rest_route=\/wp\/v2\/pages\/266","targetHints":{"allow":["GET"]}}],"collection":[{"href":"https:\/\/foroparaeldiadespues.net.ar\/index.php?rest_route=\/wp\/v2\/pages"}],"about":[{"href":"https:\/\/foroparaeldiadespues.net.ar\/index.php?rest_route=\/wp\/v2\/types\/page"}],"author":[{"embeddable":true,"href":"https:\/\/foroparaeldiadespues.net.ar\/index.php?rest_route=\/wp\/v2\/users\/1"}],"replies":[{"embeddable":true,"href":"https:\/\/foroparaeldiadespues.net.ar\/index.php?rest_route=%2Fwp%2Fv2%2Fcomments&post=266"}],"version-history":[{"count":17,"href":"https:\/\/foroparaeldiadespues.net.ar\/index.php?rest_route=\/wp\/v2\/pages\/266\/revisions"}],"predecessor-version":[{"id":824,"href":"https:\/\/foroparaeldiadespues.net.ar\/index.php?rest_route=\/wp\/v2\/pages\/266\/revisions\/824"}],"wp:attachment":[{"href":"https:\/\/foroparaeldiadespues.net.ar\/index.php?rest_route=%2Fwp%2Fv2%2Fmedia&parent=266"}],"curies":[{"name":"wp","href":"https:\/\/api.w.org\/{rel}","templated":true}]}}

<h3 class="has-text-align-center has-vivid-green-cyan-color has-text-color wp-block-heading"><strong>Punto de Encuentro sobre Teletrabajo</strong></h3>



<div class="wp-block-image"><figure class="aligncenter size-large is-resized"><img loading="lazy" decoding="async" src="https://foroparaeldiadespues.net.ar/wp-content/uploads/2020/05/Logo-Punto-de-Encuentro-Small.jpg" alt="" class="wp-image-217" width="384" height="229" srcset="https://foroparaeldiadespues.net.ar/wp-content/uploads/2020/05/Logo-Punto-de-Encuentro-Small.jpg 709w, https://foroparaeldiadespues.net.ar/wp-content/uploads/2020/05/Logo-Punto-de-Encuentro-Small-300x180.jpg 300w" sizes="auto, (max-width: 384px) 100vw, 384px" /></figure></div>



<p><strong>El nivel de complejidad y la profundidad de los cambios de las prácticas laborales que implica la incorporación del teletrabajo obliga a un abordaje del tema que contemple los múltiples aspectos que se ponen en juego y que resignifican los conceptos y las estrategias en la concepción y la acción en defensa de los derechos de los trabajadores.</strong></p>



<p><strong>El Punto de Encuentro sobre Teletrabajo es el espacio donde:</strong></p>



<ol class="wp-block-list" type="1"><li><strong>Fortalecemos la acción del Instituto de Teletrabajo creado hace 20 años por la Asociación Civil Infoworkers Trabajadores de la Información.</strong></li><li><strong>Trabajamos para producir un documento consensuado en el que se establezcan puntos básicos que deben contemplarse en defensa de los derechos de los trabajadores en cualquier acción vinculada con el tema. Desde una ley hasta una negociación de fábrica.</strong></li></ol>



<hr class="wp-block-separator"/>



<hr class="wp-block-separator"/>



<h2 class="has-text-align-center wp-block-heading"><a href="https://foroparaeldiadespues.net.ar/?page_id=566">Declaración</a></h2>



<h2 class="has-text-align-center wp-block-heading"><a href="https://foroparaeldiadespues.net.ar/?page_id=566">DERECHOS DE LAS TELETRABAJADORAS Y LOS TELETETRABAJADORES</a></h2>



<hr class="wp-block-separator"/>



<hr class="wp-block-separator"/>



<h2 class="has-text-align-center wp-block-heading"><a href="https://foroparaeldiadespues.net.ar/?page_id=686" target="_blank" rel="noreferrer noopener">LEY DE TELETRABAJO</a></h2>



<h4 class="has-text-align-center wp-block-heading"><a href="https://foroparaeldiadespues.net.ar/?page_id=686" target="_blank" rel="noreferrer noopener">Video de la reunión del 3/07/2020</a></h4>



<p class="has-text-align-center">VANESA SILEY Diputada nacional &#8211; Presidenta de la Comisión de<br>Legislación del Trabajo Cámara de Diputados de la Nación</p>



<p class="has-text-align-center">DANIEL ANÍBAL LOVERA Senador nacional &#8211; Presidente de la<br>Comisión de Trabajo y Previsión Social del Senado de la Nación</p>



<p class="has-text-align-center">SOLEDAD ALONSO Diputada provincial &#8211; Presidenta de la Comisión de<br>Trabajo Cámara de Diputados de la Provincia de Buenos Aires</p>



<p class="has-text-align-center">OMAR PLAINI Dirigente sindical y senador provincial &#8211; Presidente de la Comisión de Trabajo y Legislación Social Cámara de Senadores Provincia de Buenos Aires</p>



<hr class="wp-block-separator"/>



<h2 class="has-text-align-center wp-block-heading"><a href="https://foroparaeldiadespues.net.ar/?page_id=277" target="_blank" rel="noreferrer noopener">VIDEOS Y DOCUMENTOS</a></h2>



<p></p>

<p>Punto de Encuentro sobre Teletrabajo El nivel de complejidad y la profundidad de los cambios de las prácticas laborales que implica la incorporación del teletrabajo obliga a un abordaje del tema que contemple los múltiples aspectos que se ponen en juego y que resignifican los conceptos y las estrategias en la concepción y la acción [&hellip;]</p>
